{"id":64,"date":"2024-01-28T18:11:58","date_gmt":"2024-01-28T17:11:58","guid":{"rendered":"http:\/\/192.168.178.147\/?page_id=64"},"modified":"2024-02-08T17:26:39","modified_gmt":"2024-02-08T16:26:39","slug":"paten-vereine","status":"publish","type":"page","link":"https:\/\/schuetzenverein-koeditz.de\/index.php\/paten-vereine\/","title":{"rendered":"Paten-Vereine"},"content":{"rendered":"\n<figure data-wp-context=\"{&quot;imageId&quot;:&quot;69fcd6917d87c&quot;}\" data-wp-interactive=\"core\/image\" data-wp-key=\"69fcd6917d87c\" class=\"wp-block-image size-medium is-style-default wp-lightbox-container\"><img loading=\"lazy\" decoding=\"async\" width=\"190\" height=\"300\" data-wp-class--hide=\"state.isContentHidden\" data-wp-class--show=\"state.isContentVisible\" data-wp-init=\"callbacks.setButtonStyles\" data-wp-on--click=\"actions.showLightbox\" data-wp-on--load=\"callbacks.setButtonStyles\" data-wp-on-window--resize=\"callbacks.setButtonStyles\" src=\"https:\/\/schuetzenverein-koeditz.de\/wp-content\/uploads\/2024\/01\/Pat-urkunde-190x300.jpg\" alt=\"\" class=\"wp-image-109\" srcset=\"https:\/\/schuetzenverein-koeditz.de\/wp-content\/uploads\/2024\/01\/Pat-urkunde-190x300.jpg 190w, https:\/\/schuetzenverein-koeditz.de\/wp-content\/uploads\/2024\/01\/Pat-urkunde-649x1024.jpg 649w, https:\/\/schuetzenverein-koeditz.de\/wp-content\/uploads\/2024\/01\/Pat-urkunde-768x1211.jpg 768w, https:\/\/schuetzenverein-koeditz.de\/wp-content\/uploads\/2024\/01\/Pat-urkunde-974x1536.jpg 974w, https:\/\/schuetzenverein-koeditz.de\/wp-content\/uploads\/2024\/01\/Pat-urkunde-1299x2048.jpg 1299w, https:\/\/schuetzenverein-koeditz.de\/wp-content\/uploads\/2024\/01\/Pat-urkunde-scaled.jpg 1623w\" sizes=\"auto, (max-width: 190px) 100vw, 190px\" \/><button\n\t\t\tclass=\"lightbox-trigger\"\n\t\t\ttype=\"button\"\n\t\t\taria-haspopup=\"dialog\"\n\t\t\taria-label=\"Vergr\u00f6\u00dfern\"\n\t\t\tdata-wp-init=\"callbacks.initTriggerButton\"\n\t\t\tdata-wp-on--click=\"actions.showLightbox\"\n\t\t\tdata-wp-style--right=\"state.imageButtonRight\"\n\t\t\tdata-wp-style--top=\"state.imageButtonTop\"\n\t\t>\n\t\t\t<svg xmlns=\"http:\/\/www.w3.org\/2000\/svg\" width=\"12\" height=\"12\" fill=\"none\" viewBox=\"0 0 12 12\">\n\t\t\t\t<path fill=\"#fff\" d=\"M2 0a2 2 0 0 0-2 2v2h1.5V2a.5.5 0 0 1 .5-.5h2V0H2Zm2 10.5H2a.5.5 0 0 1-.5-.5V8H0v2a2 2 0 0 0 2 2h2v-1.5ZM8 12v-1.5h2a.5.5 0 0 0 .5-.5V8H12v2a2 2 0 0 1-2 2H8Zm2-12a2 2 0 0 1 2 2v2h-1.5V2a.5.5 0 0 0-.5-.5H8V0h2Z\" \/>\n\t\t\t<\/svg>\n\t\t<\/button><\/figure>\n\n\n\n<p>Patenschafts-Urkunde<br>Zimmerstutzen-Sch\u00fctzen-Gesellschaft Weidesg\u00fcn 1898 e.V.<\/p>\n\n\n\n<figure data-wp-context=\"{&quot;imageId&quot;:&quot;69fcd6917e49b&quot;}\" data-wp-interactive=\"core\/image\" data-wp-key=\"69fcd6917e49b\" class=\"wp-block-image size-medium wp-lightbox-container\"><img loading=\"lazy\" decoding=\"async\" width=\"210\" height=\"300\" data-wp-class--hide=\"state.isContentHidden\" data-wp-class--show=\"state.isContentVisible\" data-wp-init=\"callbacks.setButtonStyles\" data-wp-on--click=\"actions.showLightbox\" data-wp-on--load=\"callbacks.setButtonStyles\" data-wp-on-window--resize=\"callbacks.setButtonStyles\" src=\"https:\/\/schuetzenverein-koeditz.de\/wp-content\/uploads\/2024\/02\/20161014_125625-210x300.jpg\" alt=\"\" class=\"wp-image-182\" srcset=\"https:\/\/schuetzenverein-koeditz.de\/wp-content\/uploads\/2024\/02\/20161014_125625-210x300.jpg 210w, https:\/\/schuetzenverein-koeditz.de\/wp-content\/uploads\/2024\/02\/20161014_125625-718x1024.jpg 718w, https:\/\/schuetzenverein-koeditz.de\/wp-content\/uploads\/2024\/02\/20161014_125625-768x1095.jpg 768w, https:\/\/schuetzenverein-koeditz.de\/wp-content\/uploads\/2024\/02\/20161014_125625-1078x1536.jpg 1078w, https:\/\/schuetzenverein-koeditz.de\/wp-content\/uploads\/2024\/02\/20161014_125625-1437x2048.jpg 1437w, https:\/\/schuetzenverein-koeditz.de\/wp-content\/uploads\/2024\/02\/20161014_125625-scaled.jpg 1796w\" sizes=\"auto, (max-width: 210px) 100vw, 210px\" \/><button\n\t\t\tclass=\"lightbox-trigger\"\n\t\t\ttype=\"button\"\n\t\t\taria-haspopup=\"dialog\"\n\t\t\taria-label=\"Vergr\u00f6\u00dfern\"\n\t\t\tdata-wp-init=\"callbacks.initTriggerButton\"\n\t\t\tdata-wp-on--click=\"actions.showLightbox\"\n\t\t\tdata-wp-style--right=\"state.imageButtonRight\"\n\t\t\tdata-wp-style--top=\"state.imageButtonTop\"\n\t\t>\n\t\t\t<svg xmlns=\"http:\/\/www.w3.org\/2000\/svg\" width=\"12\" height=\"12\" fill=\"none\" viewBox=\"0 0 12 12\">\n\t\t\t\t<path fill=\"#fff\" d=\"M2 0a2 2 0 0 0-2 2v2h1.5V2a.5.5 0 0 1 .5-.5h2V0H2Zm2 10.5H2a.5.5 0 0 1-.5-.5V8H0v2a2 2 0 0 0 2 2h2v-1.5ZM8 12v-1.5h2a.5.5 0 0 0 .5-.5V8H12v2a2 2 0 0 1-2 2H8Zm2-12a2 2 0 0 1 2 2v2h-1.5V2a.5.5 0 0 0-.5-.5H8V0h2Z\" \/>\n\t\t\t<\/svg>\n\t\t<\/button><\/figure>\n\n\n\n<p>Patenschafts-Urkunde<\/p>\n\n\n\n<p>Sch\u00fctzen-Gesellschaft Saalestein<\/p>\n","protected":false},"excerpt":{"rendered":"<p>Patenschafts-UrkundeZimmerstutzen-Sch\u00fctzen-Gesellschaft Weidesg\u00fcn 1898 e.V. Patenschafts-Urkunde Sch\u00fctzen-Gesellschaft Saalestein<\/p>\n","protected":false},"author":1,"featured_media":0,"parent":0,"menu_order":0,"comment_status":"closed","ping_status":"closed","template":"","meta":{"ngg_post_thumbnail":0,"footnotes":""},"class_list":["post-64","page","type-page","status-publish","hentry"],"_links":{"self":[{"href":"https:\/\/schuetzenverein-koeditz.de\/index.php\/wp-json\/wp\/v2\/pages\/64","targetHints":{"allow":["GET"]}}],"collection":[{"href":"https:\/\/schuetzenverein-koeditz.de\/index.php\/wp-json\/wp\/v2\/pages"}],"about":[{"href":"https:\/\/schuetzenverein-koeditz.de\/index.php\/wp-json\/wp\/v2\/types\/page"}],"author":[{"embeddable":true,"href":"https:\/\/schuetzenverein-koeditz.de\/index.php\/wp-json\/wp\/v2\/users\/1"}],"replies":[{"embeddable":true,"href":"https:\/\/schuetzenverein-koeditz.de\/index.php\/wp-json\/wp\/v2\/comments?post=64"}],"version-history":[{"count":5,"href":"https:\/\/schuetzenverein-koeditz.de\/index.php\/wp-json\/wp\/v2\/pages\/64\/revisions"}],"predecessor-version":[{"id":184,"href":"https:\/\/schuetzenverein-koeditz.de\/index.php\/wp-json\/wp\/v2\/pages\/64\/revisions\/184"}],"wp:attachment":[{"href":"https:\/\/schuetzenverein-koeditz.de\/index.php\/wp-json\/wp\/v2\/media?parent=64"}],"curies":[{"name":"wp","href":"https:\/\/api.w.org\/{rel}","templated":true}]}}