{"id":1847,"date":"2024-02-12T15:30:18","date_gmt":"2024-02-12T14:30:18","guid":{"rendered":"http:\/\/192.168.178.147\/?page_id=1847"},"modified":"2025-01-19T13:56:06","modified_gmt":"2025-01-19T12:56:06","slug":"bildergalerie-2024","status":"publish","type":"page","link":"https:\/\/schuetzenverein-koeditz.de\/index.php\/bildergalerie-2024\/","title":{"rendered":"Bildergalerie 2024"},"content":{"rendered":"\n<p><a href=\"https:\/\/schuetzenverein-koeditz.de\/index.php\/kinderfasching-2024\/\" data-type=\"page\" data-id=\"1841\">Kinderfasching 2024<\/a><\/p>\n\n\n\n<p><a href=\"https:\/\/schuetzenverein-koeditz.de\/index.php\/gauschuetzentag-2024\/\" data-type=\"page\" data-id=\"2545\">Gausch\u00fctzentag 2024<\/a><\/p>\n\n\n\n<p><a href=\"https:\/\/schuetzenverein-koeditz.de\/index.php\/sauessen-2024\/\" data-type=\"page\" data-id=\"2553\">Sauessen 2024<\/a><\/p>\n\n\n\n<p><a href=\"https:\/\/schuetzenverein-koeditz.de\/index.php\/schuetzenausflug-2024\/\" data-type=\"page\" data-id=\"2646\">Sch\u00fctzenausflug 2024<\/a><\/p>\n\n\n\n<p><a href=\"https:\/\/schuetzenverein-koeditz.de\/index.php\/wartleitenfest-2024\/\" data-type=\"page\" data-id=\"2762\">Wartleitenfest 2024<\/a><\/p>\n\n\n\n<p><a href=\"https:\/\/schuetzenverein-koeditz.de\/index.php\/einweihung-schiessstand\/\" data-type=\"page\" data-id=\"3078\">Einweihung Schie\u00dfstand 22.09.2024<\/a><\/p>\n\n\n\n<p><a href=\"https:\/\/schuetzenverein-koeditz.de\/index.php\/weihnachtsbaeckerei-2024\/\" data-type=\"page\" data-id=\"3206\">Weihnachtsb\u00e4ckerei 2024<\/a><\/p>\n\n\n\n<p><a href=\"https:\/\/schuetzenverein-koeditz.de\/index.php\/weihnachtsfeier-2024\/\" data-type=\"page\" data-id=\"3210\">Weihnachtsfeier 2024<\/a><\/p>\n\n\n\n<p><\/p>\n","protected":false},"excerpt":{"rendered":"<p>Kinderfasching 2024 Gausch\u00fctzentag 2024 Sauessen 2024 Sch\u00fctzenausflug 2024 Wartleitenfest 2024 Einweihung Schie\u00dfstand 22.09.2024 Weihnachtsb\u00e4ckerei 2024 Weihnachtsfeier 2024<\/p>\n","protected":false},"author":1,"featured_media":0,"parent":0,"menu_order":0,"comment_status":"closed","ping_status":"closed","template":"","meta":{"ngg_post_thumbnail":0,"footnotes":""},"class_list":["post-1847","page","type-page","status-publish","hentry"],"_links":{"self":[{"href":"https:\/\/schuetzenverein-koeditz.de\/index.php\/wp-json\/wp\/v2\/pages\/1847","targetHints":{"allow":["GET"]}}],"collection":[{"href":"https:\/\/schuetzenverein-koeditz.de\/index.php\/wp-json\/wp\/v2\/pages"}],"about":[{"href":"https:\/\/schuetzenverein-koeditz.de\/index.php\/wp-json\/wp\/v2\/types\/page"}],"author":[{"embeddable":true,"href":"https:\/\/schuetzenverein-koeditz.de\/index.php\/wp-json\/wp\/v2\/users\/1"}],"replies":[{"embeddable":true,"href":"https:\/\/schuetzenverein-koeditz.de\/index.php\/wp-json\/wp\/v2\/comments?post=1847"}],"version-history":[{"count":7,"href":"https:\/\/schuetzenverein-koeditz.de\/index.php\/wp-json\/wp\/v2\/pages\/1847\/revisions"}],"predecessor-version":[{"id":3213,"href":"https:\/\/schuetzenverein-koeditz.de\/index.php\/wp-json\/wp\/v2\/pages\/1847\/revisions\/3213"}],"wp:attachment":[{"href":"https:\/\/schuetzenverein-koeditz.de\/index.php\/wp-json\/wp\/v2\/media?parent=1847"}],"curies":[{"name":"wp","href":"https:\/\/api.w.org\/{rel}","templated":true}]}}