{"id":172,"date":"2024-02-01T17:59:28","date_gmt":"2024-02-01T16:59:28","guid":{"rendered":"http:\/\/192.168.178.147\/?page_id=172"},"modified":"2026-02-15T18:02:05","modified_gmt":"2026-02-15T17:02:05","slug":"172-2","status":"publish","type":"page","link":"https:\/\/schuetzenverein-koeditz.de\/index.php\/172-2\/","title":{"rendered":"Kontakt"},"content":{"rendered":"\n<p>Sch\u00fctzenverein K\u00f6ditz 1909 e.V<br>Sch\u00fctzenstra\u00dfe 22<br>95189 K\u00f6ditz<\/p>\n\n\n\n<figure class=\"wp-block-image size-full\"><img loading=\"lazy\" decoding=\"async\" width=\"484\" height=\"324\" src=\"https:\/\/schuetzenverein-koeditz.de\/wp-content\/uploads\/2024\/02\/maps.png\" alt=\"\" class=\"wp-image-170\" srcset=\"https:\/\/schuetzenverein-koeditz.de\/wp-content\/uploads\/2024\/02\/maps.png 484w, https:\/\/schuetzenverein-koeditz.de\/wp-content\/uploads\/2024\/02\/maps-300x201.png 300w\" sizes=\"auto, (max-width: 484px) 100vw, 484px\" \/><\/figure>\n\n\n\n<p>Telefon: +49\u00a0(09281) 62200<br>E-Mail: info@schuetzenverein-koeditz.de<br>Internet: www.schuetzenverein-koeditz.de \u00a0<\/p>\n\n\n\n<p>1 Vorstand: Karin Meister Tel. 09280-1569 &nbsp; <\/p>\n\n\n\n<p>Alle Rechte: \u00a9Sch\u00fctzenverein K\u00f6ditz 1909 e.V<\/p>\n\n\n\n<p>Web Admin: Julian H\u00e4fner &nbsp; &nbsp;<\/p>\n\n\n\n<p>Lob und Kritik an: info@schuetzenverein-koeditz.de<\/p>\n\n\n\n<div class=\"wp-block-buttons is-layout-flex wp-block-buttons-is-layout-flex\">\n<div class=\"wp-block-button is-style-fill\"><a class=\"wp-block-button__link has-vivid-green-cyan-background-color has-background has-large-font-size has-custom-font-size wp-element-button\" href=\"https:\/\/schuetzenverein-koeditz.de\/index.php\/datenschutzerklaerung\/\" target=\"_blank\" rel=\"noreferrer noopener\">Datenschutzerkl\u00e4rung<\/a><\/div>\n<\/div>\n","protected":false},"excerpt":{"rendered":"<p>Sch\u00fctzenverein K\u00f6ditz 1909 e.VSch\u00fctzenstra\u00dfe 2295189 K\u00f6ditz Telefon: +49\u00a0(09281) 62200E-Mail: info@schuetzenverein-koeditz.deInternet: www.schuetzenverein-koeditz.de \u00a0 1 Vorstand: Karin Meister Tel. 09280-1569 &nbsp; Alle Rechte: \u00a9Sch\u00fctzenverein K\u00f6ditz 1909 e.V Web Admin: Julian H\u00e4fner &nbsp; &nbsp; Lob und Kritik an: info@schuetzenverein-koeditz.de<\/p>\n","protected":false},"author":1,"featured_media":0,"parent":0,"menu_order":0,"comment_status":"closed","ping_status":"closed","template":"","meta":{"ngg_post_thumbnail":0,"footnotes":""},"class_list":["post-172","page","type-page","status-publish","hentry"],"_links":{"self":[{"href":"https:\/\/schuetzenverein-koeditz.de\/index.php\/wp-json\/wp\/v2\/pages\/172","targetHints":{"allow":["GET"]}}],"collection":[{"href":"https:\/\/schuetzenverein-koeditz.de\/index.php\/wp-json\/wp\/v2\/pages"}],"about":[{"href":"https:\/\/schuetzenverein-koeditz.de\/index.php\/wp-json\/wp\/v2\/types\/page"}],"author":[{"embeddable":true,"href":"https:\/\/schuetzenverein-koeditz.de\/index.php\/wp-json\/wp\/v2\/users\/1"}],"replies":[{"embeddable":true,"href":"https:\/\/schuetzenverein-koeditz.de\/index.php\/wp-json\/wp\/v2\/comments?post=172"}],"version-history":[{"count":5,"href":"https:\/\/schuetzenverein-koeditz.de\/index.php\/wp-json\/wp\/v2\/pages\/172\/revisions"}],"predecessor-version":[{"id":4512,"href":"https:\/\/schuetzenverein-koeditz.de\/index.php\/wp-json\/wp\/v2\/pages\/172\/revisions\/4512"}],"wp:attachment":[{"href":"https:\/\/schuetzenverein-koeditz.de\/index.php\/wp-json\/wp\/v2\/media?parent=172"}],"curies":[{"name":"wp","href":"https:\/\/api.w.org\/{rel}","templated":true}]}}